) + 1.
3
What is -2 + (3 - (-5 - -1))?
5
What is (-1 - 0) + (-3 - 1)?
-5
1 + 2 + -7 + 2 + -5
-7
-5 + 6 + 7 + -5 + -1
2
Evaluate -6 + (10 - 5) - 4.
-5
What is the value of (-1 - (-4 - -10)) + 11?
4
9 + -13 - (-1 + 0 + 0)
-3
What is the value of -18 + 10 + (-3 - -5) + 1?
-5
Calculate 2 - (4 + 1 - 0).
-3
Evaluate -10 - 1 - (25 - 27).
-9
Evaluate 5 + -8 + 4 + 0.
1
Evaluate (-5 + 14 - -2) + -12.
-1
What is the value of (-2 + 0 - -2) + 0?
0
Evaluate 12 - (5 - 4) - 3 - 4.
4
Evaluate -9 + (6 - 0 - 1).
-4
Evaluate -1 + -5 + 2 + 7.
3
(6 - 11) + 9 - 1
3
What is -3 - 2 - (-1 - 0)?
-4
Calculate (0 - 1) + -36 + 34.
-3
Evaluate 3 + (-9 + -2 - -4).
-4
Evaluate 5 + (1 + 5 - 16).
-5
What is the value of 14 - ((19 - 9) + -2)?
6
What is -2 - (0 + -2 + -2 - 0)?
2
What is the value of (2 - -1) + (2 - 8) + 4?
1
Evaluate (-22 + 13 - -14) + -15.
-10
Calculate -10 + -6 + 2 + 9.
-5
-2 + (-11 + 0 - -4) + 3
-6
Evaluate -8 + 6 + 8 + 0 + -1.
5
What is 3 - (-6 + 0 + 4)?
5
Evaluate -16 + (-6 - -16) + -7 - -5.
-8
Calculate -1 - -2 - (-4 + (-4 - -10)).
-1
What is the value of -32 + 31 + -2 + -1?
-4
What is 9 + 10 + -13 + -14?
-8
Evaluate -8 + (9 - (-12 - -12)).
1
Calculate 0 + -7 + 5 + (0 - -2).
0
What is (-6 - -2) + (-5 - -6)?
-3
(-3 - -1) + -7 + 9
0
Calculate 3 + (-8 + 0 - -3 - 2).
-4
What is 6 + (-10 - (-1 - 1))?
-2
What is -5 - ((2 - 3) + -2) - 2?
-4
What is -6 + (7 - 10) + 11?
2
1 + -6 - (5 + -13 - -3)
0
Calculate 0 - (5 + (1 - 5)) - -5.
4
What is the value of 1 - (-2 + -6) - 9?
0
What is the value of (-5 - -1) + -27 + 34?
3
Calculate 6 + -1 + -1 - 0.
4
12 - (15 - (9 - (7 - 5)))
4
What is 1 - (-7 - -1 - -4)?
3
What is the value of -5 + 0 - (5 - (12 + -7))?
-5
Evaluate (0 - 1) + 21 + -16.
4
What is -6 - (-6 - (-8 + 6))?
-2
What is 1 + -1 + -5 + -10 + 12?
-3
What is 6 - (-4 - (10 - 7) - -7)?
6
What is 3 + -5 + 1 - 1?
-2
What is (2 - -7) + -2 + (-2 - 3)?
2
Evaluate (2 - 8) + (7 - 5).
-4
Calculate (-1 - 2 - -4) + -5.
-4
What is (-4 - 1 - (-4 + 5)) + 5?
-1
Evaluate 44 + -31 + -19 + -1.
-7
(0 - (0 + -2 + 0)) + -5
-3
-8 - -7 - 4 - -4
-1
What is 1 + -1 - (-8 - -12)?
-4
What is 3 - (19 + -8 - 7)?
-1
What is the value of (-3 - (-5 + 6)) + (8 - 1)?
3
What is the value of -8 + 5 + (6 - (-4 - -2))?
5
Calculate 11 + (-13 + 6 - 2).
2
Calculate 1 + -2 + (-3 - (-5 + 1)).
0
Calculate -1 + 5 + -8 + 4 + 2.
2
What is the value of -18 + 6 + (4 - -2 - -1)?
-5
Calculate (2 - 6) + -2 + 1 - -7.
2
Calculate -44 + 43 - (-6 - 1).
6
What is the value of 9 - (4 + -4 + 4)?
5
What is the value of -1 + 4 + 0 - (-2 + 4)?
1
Evaluate 6 - (14 - (6 - 2) - -2).
-6
Calculate 4 - (-2 + 4) - (-4 - -1).
5
What is the value of 0 - -8 - (15 + -12 + 1)?
4
What is 6 + -2 - 8 - -5 - 3?
-2
-17 - (11 - 20) - -3
-5
Evaluate 8 + -3 + (4 - (5 - 1)).
5
0 + -3 + 5 - -1
3
2 + -3 - -3 - 3 - 2
-3
What is the value of (0 - 2) + 1 + 2 - -1?
2
Evaluate 11 - 20 - (1 + -5).
-5
Calculate -8 + 8 + (2 + -1 - -5).
6
Evaluate -4 - -3 - (0 + 4).
-5
What is 0 + (-3 - ((-1 - -6) + -7))?
-1
-29 + 30 + (-1 - 5)
-5
What is 5 + -2 + 4 - 2?
5
What is the value of 0 - (-1 - -1) - -4?
4
What is the value of 1 + -5 - (1 + 0 - 3)?
-2
What is 6 + (-5 - 3) - -4?
2
What is the value of -4 + 4 + 3 + 1?
4
Evaluate -58 + 48 + -1 + 9.
-2
Calculate -3 + 2 + 7 + -1.
5
1 - (3 + 5 + -6)
-1
Calculate 0 - ((11 - 4) + -5).
-2
What is -2 + 5 - 2 - 5?
-4
Calculate ((2 - 1) + -4 - 0) + 2.
-1
6 - (0 + 2 + -4 + 17)
-9
(7 - 3) + -3 + -1 - -3
3
(-8 + 0 - (4 + -8)) + 9
5
What is the value of -5 - (5 + 6 + -20)?
4
Calculate -6 + (1 - 0) + 0 + 0.
-5
Evaluate -1 + -1 + -65 + 70.
3
What is (-14 + 10 - (2 - 3)) + -1?
-4
Calculate -11 - -9 - (-3 - (3 - 6)).
-2
What is the value of (-4 - -3) + -5 - -2?
-4
What is the value of 21 + (12 - 37) + -5 + 0?
-9
2 + (8 + -2 + -3 - 7)
-2
-2 + (-2 + 1 - 2)
-5
What is -8 + (91 - 90 - (-1 + -8))?
2
Evaluate 6 + 2 + 3 + -2 + -6.
3
Evaluate 6 + -1 - (-2 - (-2 + -4)).
1
-5 - (10 - (-3 - -22))
4
4 + (3 - 5) + -5
-3
What is the value of 5 + (0 - 8) - -3?
0
10 + -6 + (-4 - 2) + -7
-9
What is (10 - (-6 + 6 - -1)) + -7?
2
Evaluate 1 - (4 - -1 - (11 + -10)).
-3
Evaluate (4 - 4 - 5) + 7 + 3.
5
(1 - -1) + -34 + 30 + 7
5
Evaluate -3 + -2 - (3 + -9).
1
Calculate 1 + -8 + -7 + 14.
0
Evaluate -4 + -1 - (22 - 26).
-1
Evaluate 18 - 8 - (13 + 2).
-5
What is the value of 5 + -1 + (14 - 13)?
5
Calculate (-4 - (-3 + -2)) + -4.
-3
Evaluate 0 - (-5 - -9) - -2.
-2
Evaluate -8 + 1 - (-9 + 8 - -2).
-8
Calculate 10 - 1 - (-2 + 7).
4
What is 10 + -14 + 5 + (-1 - 0)?
0
Evaluate -4 - (-2 + (1 - (-1 + 5))).
1
Evaluate -1 + 3 - (-14 + 14 + 1).
1
What is (-1 - 1) + (3 - (-2 - -5))?
-2
Evaluate -2 + (13 - (6 - 0)).
5
Calculate 1 + -3 + 0 + 2.
0
What is 2 + 8 + -5 + (-1 - -1)?
5
(-3 + -4 + 4 - -4) + -2
-1
What is 8 + (2 - -4) + -6 - 0?
8
16 + -11 - (0 - 0)
5
Calculate 6 - (1 - 1) - (103 - 99).
2
Evaluate 3 + (1 - -1) + 0 + -2.
3
What is (7 - 19 - (-2 - -4)) + 5?
-9
What is the value of (5 - 1) + (-4 - -2) + 4?
6
What is 5 - 1 - (0 + 9) - -1?
-4
What is (0 - -2) + -2 - 5?
-5
What is the value of 2 + -2 + 6 + -5 - -2?
3
Calculate 2 + -2 + -1 + (-13 - -8).
-6
Calculate 17 + -7 + -7 - (8 - 0).
-5
Calculate 8 + (-11 - (5 - 9)) + -10.
-9
Calculate -1 + (6 + 0 + -8 - 2).
-5
Calculate 4 + 0 - (5 + -3 + 7).
-5
What is (1 - -4) + (-1 - 3) + 0?
1
Calculate (-7 - (0 - 4)) + 2.
-1
Calculate 1 - ((3 - 0 - 5) + 6).
-3
Evaluate -3 + (5 - (11 - (1 + 2))).
-6
Calculate -2 - (2 + 3 + -11).
4
0 + (-53 - -59 - (1 + -1))
6
What is the value of 0 + 4 + (-1 - 3) + -1?
-1
Evaluate (-1 + -2 - -4) + 4.
5
What is the value of 10 + -10 - (2 + -5)?
3
Calculate -4 - ((-5 - 0) + (0 - 3)).
4
What is 1 - -1 - (-6 + 3) - 1?
4
2 + -3 + -2 + -1 + 1
-3
Evaluate (-5 - 1) + -5 + 6.
-5
What is (-11 - -3) + 0 + 1?
-7
Calculate 4 + -1 + -2 + 3 + -4.
0
0 - -1 - ((8 - 8) + -4)
5
What is -6 + (-10 - -13) + (0 - -1)?
-2
-2 - (6 + -1 + -6)
-1
Evaluate -3 + 0 + (-6 - -4) - -8.
3
Evaluate -3 + (1 - (5 - 4)).
-3
What is the value of 8 - (-5 + 3 + 8)?
2
What is (3 - 2 - -3) + -9?
-5
(0 - 0) + (-2 + 2 - -3)
3
What is the value of -2 - (-3 + -10 + 7)?
4
-2 + 2 - (4 + -13)
9
Calculate 7 - (14 + 2 + -3).
-6
What is (1 - -7) + (26 - 31)?
3
What is 6 + -6 + 9 + -4?
5
1 + (-11 + 10 - (-1 - 0))
1
Evaluate (-1 - 5) + (0 + 0 - 0).
-6
What is the value of 5 + -3 + -3 + -1?
-2
What is the value of 1 - (-1 - (5 + -1)) - 1?
5
Evaluate (-8 - -5) + 2 + 0 + -1.
-2
What is 8 - (-1 + 9 - -6)?
-6
(-2 - 0) + 0 + -12 + 11
-3
Evaluate 5 + 3 + -4 - (-3 - -5).
2
(3 - 2) + -17 + 16
0
What is the value of -50 + 53 - (0 - 1)?
4
Calculate -3 + 9 - (-2 - (2 - 2)).
8
Calculate 1 + -1 + (-21 + 9 - -13).
1
2 - -4 - 5 - 2
-1
Calculate 5 - 20 - -9 - -4.
-2
Evaluate 7 + 0 - (-137 - -139).
5
Evaluate -5 + 10 - (3 + -1).
3
Calculate -12 - (-12 + -8) - 11.
-3
What is (6 - (4 + (-2 - -3))) + 1?
2
What is the value of -4 + 3 + 2 + -3 + 4?
2
Evaluate 5 + (-4 + 5 - 4).
2
Evaluate -9 + 8 + 7 + -3.
3
What is the value of -8 + 0 + (0 - 3) + 5?
-6
Calculate -9 + 11 - (-1 + (-1 - -2)).
2
What is -3 - (-12 - -2 - (-4 + -2))?
1
8 + 6 + -7 + -5
2
-7 + -1 + (10 - (0 + 2))
0
What is 3 - (-1 + (13 - 7) + -3)?
1
What is the value of -2 + 2 + 5 + 0?
5
Evaluate 4 + -1 + (8 - 7 - 7).
-3
What is -3 + 2 + -2 + 8?
5
Evaluate 0 + 8 + -2 + -10.
-4
Calculate 2 - (2 - (-5 - -5)).
0
-5 + (-6 - (-15 - -3))
1
Evaluate -3 - (-1 - 6 - 0 - -3).
1
What is (4 - 18) + 3 - -3 - -4?
-4
What is the value of (2 - -2) + -37 + 18 + 6?
-9
0 - (-2 + (4 - 3)) - -1
2
What is the value of 0 + 1 + 3 + -1?
3
Evaluate (5 - 4) + (-8 - -5).
-2
What is the value of 4 - (1 - -5) - (3 - 2)?
-3
Evaluate 4 + (2 - 2) - (2 + 0).
2
What is 2 + (-9 - -4) + 3?
0
What is the value of 3 - ((3 - -2) + (-2 - -3))?
-3
What is (-1 - 1 - -7) + 7 + -14?
-2
Calculate 18 + (12 - 24) + 1 + -2.
5
Calculate 5 + 3 + -3 + 3 + -4.
4
Calculate 1 - (-4 + 7 - 4).
2
What is the value of -2 + -1 - 0 - (0 - 5)?
2
What is -63 - -51 - (-2 - 10)?
0
Evaluate (-3 - 3) + 3 - (1 - 2).
-2
What is 11 + (-5 - 7 - -12)?
11
What is 1 - (3 - 9) - 2?
5
What is (9 - 8 - -4) + -6?
-1
What is the value of -3 - (-2 + -5) - 7?
-3
What is 12 + (-9 - (-11 + 5))?
9
Evaluate -27 + 31 + (-1 - (-1 + 0)).
4
(2 - -4) + 16 + -25
-3
What is the value of ((-4 - -5) + -5 - -3) + -2?
-3
Calculate -283 + 283 - (-6 - (1 - 2)).
5
What is (-17 - -21) + (-3 - (3 + -5))?
3
0 - (-3